{"id":23,"date":"2014-10-10T22:49:25","date_gmt":"2014-10-10T22:49:25","guid":{"rendered":"https:\/\/freshperulogistics.com\/?page_id=23"},"modified":"2020-03-26T21:02:41","modified_gmt":"2020-03-26T21:02:41","slug":"services-servicios","status":"publish","type":"page","link":"https:\/\/freshperulogistics.com\/?page_id=23","title":{"rendered":"Servicios\/Services"},"content":{"rendered":"<p>Nuestros servicios inluyen:<\/p>\n<p>&#8211; Handling : corte de gu\u00eda a\u00e9rea (AWB) + booking en la aerol\u00ednea + pre alerta<br \/>\n&#8211; Consolidacion de carga: agencia acreditada para consolidar carga de exportaci\u00f3n aerea<br \/>\n&#8211; Servicio Multimodal via Ecuador<br \/>\n&#8211; Agenciamiento de Aduanas: regularizaci\u00f3n de DUAS<br \/>\n&#8211; Fitosanitario: para esparrago blanco<br \/>\n&#8211; Certificado de Origen: para los destinos que lo requieran.<\/p>\n<p>&nbsp;<\/p>\n<p><em>Our services include:<\/em><\/p>\n<p><em>&#8211; Handling: cut airway bill (AWB) +air space booking + pre alert<\/em><br \/>\n<em>&#8211; Cargo Consolidation: accredited agency to consolidate cargo for export<\/em><br \/>\n<em>&#8211; Multimodal Service via Ecuador<\/em><br \/>\n<em>&#8211; Customs regulations: Compilation of DUAS<\/em><br \/>\n<em>&#8211; Phytosanitary : for white asparagus<\/em><br \/>\n<em>&#8211; Certificate of Origin : for destinations that may require it<\/em><\/p>\n","protected":false},"excerpt":{"rendered":"<p>Nuestros servicios inluyen: &#8211; Handling : corte de gu\u00eda a\u00e9rea (AWB) + booking en la aerol\u00ednea + pre alerta &#8211; Consolidacion de carga: agencia acreditada para consolidar carga de exportaci\u00f3n aerea &#8211; Servicio Multimodal via Ecuador &#8211; Agenciamiento de Aduanas:<\/p>\n","protected":false},"author":1,"featured_media":0,"parent":0,"menu_order":2,"comment_status":"closed","ping_status":"closed","template":"","meta":{"footnotes":""},"_links":{"self":[{"href":"https:\/\/freshperulogistics.com\/index.php?rest_route=\/wp\/v2\/pages\/23"}],"collection":[{"href":"https:\/\/freshperulogistics.com\/index.php?rest_route=\/wp\/v2\/pages"}],"about":[{"href":"https:\/\/freshperulogistics.com\/index.php?rest_route=\/wp\/v2\/types\/page"}],"author":[{"embeddable":true,"href":"https:\/\/freshperulogistics.com\/index.php?rest_route=\/wp\/v2\/users\/1"}],"replies":[{"embeddable":true,"href":"https:\/\/freshperulogistics.com\/index.php?rest_route=%2Fwp%2Fv2%2Fcomments&post=23"}],"version-history":[{"count":3,"href":"https:\/\/freshperulogistics.com\/index.php?rest_route=\/wp\/v2\/pages\/23\/revisions"}],"predecessor-version":[{"id":48,"href":"https:\/\/freshperulogistics.com\/index.php?rest_route=\/wp\/v2\/pages\/23\/revisions\/48"}],"wp:attachment":[{"href":"https:\/\/freshperulogistics.com\/index.php?rest_route=%2Fwp%2Fv2%2Fmedia&parent=23"}],"curies":[{"name":"wp","href":"https:\/\/api.w.org\/{rel}","templated":true}]}}